posite?
True
Suppose 5*b - 2 - 2 = -4*k, 3*b = -5*k - 8. Let l(q) be the third derivative of q**5/60 + q**4/24 + q**3/3 + q**2. Is l(k) prime?
False
Suppose 3*j - 4*m = 26, -4*j = 3*m - 0*m - 18. Is 5580/28 - j/21 prime?
True
Let g(f) = -f**2 - 8*f - 9. Suppose -39 - 6 = 5*k + 2*i, 4*i = -20. Let w be g(k). Let z(b) = -17*b + 1. Is z(w) a prime number?
False
Suppose 0*k = 3*k. Suppose k = -4*t + 473 + 995. Is t a composite number?
False
Let h(a) = 7*a + 1. Let d = 6 - 5. Let r be h(d). Let t = r - -25. Is t a prime number?
False
Suppose 4934 = 5*i + 2*q + 1522, 2727 = 4*i - q. Is (-14)/(-49) - i/(-14) a prime number?
False
Suppose 5*f - 1951 + 555 = 2*h, -1115 = -4*f + h. Suppose -r + f = -20. Let z = r + -59. Is z composite?
False
Let g(f) = f**2 - f + 993. Is g(0) composite?
True
Is 30/(-70) + (-2089)/(-7) composite?
True
Suppose -3*w + 8 = -22. Is w/15 - (-31)/3 prime?
True
Let u(i) = i**2 - 4*i + 3. Let o be u(3). Suppose t - 119 = -o*t. Is t composite?
True
Let j = -27 + 20. Is (j/1)/(-1)*47 prime?
False
Let t be (-5 + 2)/((-2)/14). Let q(s) = -s**3 + 5*s**2 + s. Let y be q(5). Suppose -y*m + t + 54 = 0. Is m a prime number?
False
Let b(c) = 4*c - 12 + 2*c + 7*c - 2*c. Is b(7) a composite number?
True
Suppose 2*b - 131 - 111 = 0. Is b a prime number?
False
Let c be 4*(-4 + (-747)/(-12)). Suppose 2*h - c = 701. Is h a prime number?
True
Is (2 - 3 - 0)/(3/(-2391)) a composite number?
False
Let r = -261 - -392. Let f = 210 - r. Is f a composite number?
False
Let g(a) = a**2 + 13*a + 17. Let d be g(-12). Let f = -6 + d. Is 309/4 + f/4 a composite number?
True
Let t(v) = v**3 - 14*v**2 - 4*v + 4. Let f = -19 - -34. Is t(f) a prime number?
False
Suppose -7*q = -2*q + 3*g - 1270, -2*q + 508 = 2*g. Is q composite?
True
Suppose -4*p - 5*n + 6043 = 0, 1665 + 4366 = 4*p + n. Is p prime?
False
Suppose 0 = x - 2*x + 34. Is 2*-1 + x + 2 prime?
False
Let x = 1053 + 190. Is x a composite number?
True
Let f(b) = -5*b + b**3 + 0*b**2 + 0*b**2 + 2 + 12*b - 5*b**2. Is f(5) a prime number?
True
Suppose -5*b = -2*o + 267, -4*b = 10 + 10. Is o a composite number?
True
Suppose 189*j + 127 = 190*j. Is j a prime number?
True
Let o = 24 + -22. Suppose o*d - 4*r - 306 = 0, -128 = -d - 4*r - 5. Is d composite?
True
Suppose -9*b + 3*b + 14370 = 0. Is b a prime number?
False
Let b(f) be the third derivative of -f**7/140 - f**6/720 - f**5/30 - 3*f**2. Let h(n) be the third derivative of b(n). Is h(-1) prime?
False
Suppose 6*a = a + 10. Is ((-2)/(-6))/(a/678) prime?
True
Suppose 1314 = 2*d + 4*w, 4*w - 1968 = -3*d + w. Is d composite?
True
Suppose 16 = 4*a - 8. Suppose 0 = p - a*p + 105. Is p prime?
False
Let y(g) = -35*g + 18. Is y(-11) prime?
False
Let b = -462 + 673. Is b composite?
False
Let h = 7 - 3. Suppose h*i + 9 - 131 = 2*o, i - 3*o = 18. Is i a composite number?
True
Let q(b) = -37*b**3 + 14*b + 21. Is q(-4) a prime number?
True
Suppose 3*u - 4 - 11 = 0. Suppose -6 = -u*x + 4. Suppose 5*i - 331 = 4*l, 0 = 5*l - 3 - x. Is i a prime number?
True
Let p be (-1 - -16)*(3 + 2). Suppose -p = -l - 6. Suppose -u = -3*c - 2*u + 116, -u - l = -2*c. Is c prime?
True
Suppose 0 = -w - z - 3, -4*w + 4 = -5*z - 2. Is (w + 6)*804/30 prime?
False
Suppose 5*u + 9 + 51 = 0. Let h = -7 - u. Suppose -h*s + 85 = -30. Is s prime?
True
Let z(m) = -m**3 + 8*m**2 - 5. Is z(6) a composite number?
False
Let h = 37 - 18. Is h a prime number?
True
Let z(s) = s**2 - 1. Let o be z(0). Let d be o/(1*1/(-33)). Suppose -2*b + d = g, 4*g - 150 = b - 3*b. Is g a prime number?
False
Suppose 4*o - 8 = 20. Is (-2)/(o/(3598/(-4))) prime?
True
Let r be (-4 + 10)*78/4. Let d = r - 71. Is d prime?
False
Let m = 55 + -21. Is m a prime number?
False
Suppose 0 = -y + 159 + 1598. Is y composite?
True
Let g(d) = -5*d - 3. Let i be g(-2). Let x be 61/i - (-10)/35. Let r(b) = b**3 - 8*b**2 - 6*b + 10. Is r(x) a prime number?
True
Suppose -3 = -2*b + 3. Is b/(4/(-592)*-6) composite?
True
Suppose 12*g - 5*g = 17423. Is g a composite number?
True
Let d(u) be the first derivative of u**3/3 + 3*u**2/2 + u - 1. Let i be d(-4). Let s = i - -50. Is s a prime number?
False
Let a = 23 - 21. Is a a composite number?
False
Let i be (6 - 5)*(0 - -1). Let n(a) = 209*a + 2. Is n(i) composite?
False
Suppose 1 = -4*t + 9. Suppose 326 = -4*c - 2*l, 3*c = t*l - 5*l - 240. Let g = -46 - c. Is g a prime number?
True
Let c be ((-1)/2)/((-3)/(-18)). Let b(w) = 7*w. Let x be b(c). Is -1*2/(6/x) composite?
False
Suppose -3*a + 0*a + z = -1945, 0 = -a + 3*z + 659. Is a composite?
False
Let k(r) = -4*r + 17. Is k(-9) composite?
False
Let h = 4 - 2. Let v(m) = m + 15 - h*m + 0*m. Is v(0) prime?
False
Suppose 3 + 0 = -3*m. Let r be (-5 + -4)/(6/(-8)). Is m/(-3) - (-404)/r prime?
False
Let i = -10 - -16. Let l(s) = s**3 - 6*s**2 + 4*s - 9. Is l(i) a prime number?
False
Let r = 245 - 445. Let k be 3/2*r/(-12). Let d = -14 + k. Is d a prime number?
True
Let q(n) = -132*n - 4. Let w be q(-2). Let r = w + -138. Is r a composite number?
True
Let p(u) = -3*u - 1. Let o be p(-5). Let l(n) = n**2 - 4*n + 1. Let v be l(-4). Let c = o + v. Is c composite?
False
Suppose 7805 = 5*m - 5*d, -2*d - 334 - 7471 = -5*m. Is m a composite number?
True
Let w(u) = 5*u**3 - 11*u**2 - 8*u + 9. Let c(r) = -14*r**3 + 32*r**2 + 23*r - 26. Let b(o) = 4*c(o) + 11*w(o). Is b(6) prime?
False
Let p(g) = -13 + 7*g**2 + 4*g + 0*g + 6*g**2. Is p(-6) a prime number?
True
Suppose 2*w - 934 = 4*c, -5*w - 3*c + 2350 = 2*c. Is w a composite number?
True
Let o(b) = 2*b - 4. Let c be o(4). Is (-3)/(-6) - (-210)/c a composite number?
False
Suppose 4*r - 84 = 40. Suppose -k + 5*f = -129, -f = -k + 114 + r. Is k a prime number?
True
Let q = -2 - -92. Let i = 37 + q. Is i composite?
False
Let a(f) = 18*f + 19*f + 3 - 3. Let p be a(1). Suppose -p = -2*g - 3*b, 4*b - 23 - 41 = -4*g. Is g a composite number?
False
Let i be (-8)/(-14)*(-7)/(-2). Is (-1 - i) + 2 + 56 a composite number?
True
Let b be (10/(-4))/(-5)*194. Let c = b - 8. Is c composite?
False
Let a = 3 - 1. Let s be (-1)/(-2) - (-3)/(-6). Is s - (0/a + -35) a prime number?
False
Let d = -131 + 874. Is d prime?
True
Let u(c) = -c + 4. Suppose -4*y - 9 + 33 = 0. Let d be u(y). Is -5 - -59 - d/(-2) a composite number?
False
Let z = -183 + 124. Suppose 3 = 3*q - 0. Is (-1 + 0)/(q/z) a prime number?
True
Suppose 8*v - 4*v + 5*l - 15 = 0, -3*v - 4*l + 11 = 0. Suppose 0 = -0*i + v*i - 105. Is i composite?
True
Is (-16)/(-24) + (-1)/((-6)/7166) a prime number?
False
Let x(g) = -g**2 - 7*g - 6. Let s be x(-6). Suppose s = 3*d + j - 74, -102 = -4*d - j - j. Is d a prime number?
True
Suppose 2*q - q = -n - 82, 2*q = -5*n - 179. Let y = q - -108. Is y a prime number?
True
Let h(k) = -2*k**3 - 8*k**2 - 7*k + 1. Let z(o) = -o + 1. Let c be z(-5). Suppose 0 = -q - u - 1, -q + c*q = -3*u - 13. Is h(q) a composite number?
True
Suppose -4*h - 690 = -6*h. Suppose -h = -v - 4*v. Is v a prime number?
False
Let z(t) be the second derivative of 5*t**4/12 + 4*t**3/3 + 3*t**2/2 - 4*t. Let b be z(-6). Suppose 5*h - b - 110 = 0. Is h prime?
False
Suppose 0 = 4*n + n - 10. Suppose 3*t + n*t = 485. Is t prime?
True
Let u(b) = b**2 + 6*b - 5. Let n be u(-7). Let d be 0 - (-1)/(n/(-4)). Is 2 + (d + 1 - -2) a prime number?
True
Suppose 5*t - 2*m = -0*m + 4453, 0 = 4*m + 16. Is t a composite number?
True
Let b(z) = -9 - 8*z - 4*z + 2*z. Suppose 5*i + 24 = i. Is b(i) a prime number?
False
Suppose 0 = 4*o - 3*q - 767, -1140 = -5*o + 4*q - 181. Is o composite?
False
Let c be (-18)/(-2*(-1)/10). Let y = c - -187. Is y prime?
True
Suppose -4*o = -4*i + 11448, -11446 = -4*i + 4*o - 2*o. Is i composite?
False
Let h = -4 + 7. Suppose -h*i = -0*i - 438. Let q = i + -99. Is q prime?
True
Suppose 0 = j + 4*c - 472 + 149, -4*c = 2*j - 646. Suppose 0 = -4*v + 65 + j. Is v prime?
True
Suppose -m + 3 = -0*m, -w = -m. Let d(c) = -9*c + 1. Let b be d(-3). Suppose w*j = j + b. Is j a prime number?
False
Let p(j) be the second derivative of j**6/720 + 23*j**5/120 - j**4/4 - 2*j. Let h(i) be the third derivative of p(i). Is h(0) a prime number?
True
Suppose -4*x = 5*h - 4383, 4631 = 4*x + h + 244. Is x composite?
False
Suppose -2*i - 25 = -273. Suppose 3*a - 137 = i. Is a a composite number?
True
Let n = 9 - 5. Suppose j - n*o = -14, 7*j - 2*j + 3*o - 22 = 0. Suppose 573 = 